lculate the greatest common factor of v and 36.
12
Let r = -194 + 339. Let g = -65 + r. Let b = 152 - 144. Calculate the highest common factor of g and b.
8
Suppose 0 = -y - 1670 + 1668. Let l be ((-71)/y)/(2/4). Calculate the greatest common divisor of 284 and l.
71
Let u(w) = w**3 + 27*w**2 - 60*w - 56. Let l be u(-29). Suppose 0 = 2*g - l*m - 18, -11*m - 36 = -4*g - 10*m. Calculate the highest common factor of g and 45.
9
Let w be (-269)/(-7) - (11 + (-2294)/217). Suppose -i + 25 = 4*i. Let r be i*(0 - 266/(-5)). Calculate the greatest common divisor of w and r.
38
Let g be 0/(-1 - 1 - -3). Suppose -3*l + 60 = -g*l. Let w(f) = f**2 - 6*f + 14. Let o be w(8). Calculate the highest common divisor of l and o.
10
Suppose 211*t = -201*t - 84*t + 68448. What is the greatest common factor of t and 3726?
138
Let n = 141 + -69. Let p be (-2308)/(-44) + 78/143 + 1. Calculate the highest common factor of n and p.
18
Suppose 7*d = 5*d + 6. Let l = d + 23. Calculate the highest common divisor of 65 and l.
13
Suppose -2*z = -10*z + 32. Suppose -4*q - 2*r = -5 - 21, z*r + 12 = 0. Suppose 0 = -q*s + s + 21. What is the greatest common factor of s and 12?
3
Suppose j - 4410 = 4*x - 1296, -3*j + 9294 = -4*x. What is the highest common factor of j and 30?
30
Let l(g) = -7364*g + 136. Let r be l(-2). Calculate the greatest common factor of 16 and r.
16
Suppose -6*l = -l - 60. Let i(a) = -2*a**3 - 3*a - 5. Let x be i(-2). Let r = -14 + x. What is the greatest common divisor of r and l?
3
Suppose 0 = -3*n + 2*v + 410, -5*n + 4*v + 217 = -467. Suppose 65*o - 63*o + 158 = 0. Let b = o + n. What is the greatest common factor of 19 and b?
19
Let s be 62 + 24*(-22)/(-176). Calculate the greatest common factor of s and 325.
65
Suppose v = -4, 4*m - 18 + 2 = 4*v. Suppose -4*k + 17*k - 130 = m. What is the greatest common divisor of k and 190?
10
Suppose -3*k = 3*f - 45651, 4*f = -10*k + 15*k - 76103. Suppose -a - 18*a + k = 0. What is the greatest common factor of 178 and a?
89
Let y(s) be the second derivative of -s**3 - 255*s**2/2 - 81*s + 2. Let d be y(-46). Calculate the greatest common factor of d and 12.
3
Let v be (-16 + (0 - 2))*(-3 + -3). Calculate the greatest common divisor of v and 1161.
27
Let i = -1424 + 761. Let h = -460 - i. What is the greatest common divisor of 29 and h?
29
Suppose 0 = -3*y - w + 65, -2*y - 5*w + w = -40. Suppose -r = 4*g - 25, 0*r + g - y = -r. Calculate the greatest common factor of r and 3.
3
Suppose -22*m - 720 = -12*m - 14*m. What is the greatest common divisor of 180 and m?
180
Suppose -15*j + 13*j = -n + 11, 29 = 2*n + 3*j. Calculate the greatest common divisor of n and 1014.
13
Suppose 2*m - 2*u = -3*u + 350, 0 = 4*m + 4*u - 708. Suppose -x - 35 = -m. What is the highest common factor of 299 and x?
23
Let r(c) = 0*c**2 - 2*c**2 - 58*c + 23 + 3*c**2 + 67*c. Let u be r(-5). Let z be 105/5 + -4 - u/(-1). Calculate the greatest common factor of z and 20.
20
Suppose -27*q - 2111 - 2614 = 0. Let z = -135 - q. Let t be (0 + 10/(-6))*-36. Calculate the highest common factor of t and z.
20
Let q(d) = -11*d**3 - 10*d**2 + 4*d + 18. Let l be q(-4). Let s = -519 + l. Calculate the highest common divisor of 36 and s.
9
Let w be 111 + (20/(-3) - (-11)/(-33)). Let a be ((-39)/4)/(15/(-40)). Calculate the highest common divisor of w and a.
26
Suppose 3*f + 4*w = -5, -4*f + 21 = w + 6. Suppose -h - f*k = -577, 0 = -k - 3*k - 12. What is the highest common factor of 16 and h?
16
Suppose -10*u - 2*y - 228 = -17*u, y = 5. Suppose -2*g = -2*f - 0*g + 2, 0 = 3*g - 3. What is the highest common factor of u and f?
2
Let x be 26 - ((-2 + 6 - 12) + (-150)/(-25)). What is the greatest common divisor of 3066 and x?
14
Let c(w) = -3*w**2 - 19*w + 54. Suppose -5*z - 2 = -3*z, z = 5*k + 39. Let f be c(k). What is the highest common factor of f and 1092?
14
Suppose 20 - 3 = 3*w + 2*x, 4*w - 4*x = 16. Suppose 0 = 3*y + 201 + 390. Let u = -194 - y. What is the highest common divisor of w and u?
1
Let x = -341 - -358. Suppose x*h + 65 = 22*h. Calculate the highest common divisor of h and 2.
1
Let u(x) = -2*x**2 + 63*x - 26. Let p be u(31). Suppose 13 = p*y + j + 2*j, -3 = -3*y + 3*j. What is the highest common divisor of y and 14?
2
Suppose -v + 30 = 5*v. Suppose 0 = 3*l + v - 20. Suppose -31 = -5*c - 2*r, -4*c + 14 = l*r - 21. What is the highest common divisor of 1 and c?
1
Suppose 145*o - 138*o - 693 = 0. Let r = -28 - -72. What is the greatest common divisor of r and o?
11
Let p be -6 + (0 - -1) + -2. Let z be 64/28 + 2/p. Let k(n) = -185*n + 5373. Let a be k(29). Calculate the highest common divisor of z and a.
2
Let y = 2701 - 2679. What is the greatest common factor of 3806 and y?
22
Let p(v) = 5*v**2 + 2*v - 2. Let y be p(2). Suppose 33 = 4*f - 5*d - 226, 3*f - 193 = 5*d. Calculate the greatest common factor of y and f.
22
Let d be 27/(-6)*5*136/(-10). Calculate the greatest common divisor of 1632 and d.
102
Let l be ((-62)/(-124))/(2/828). Calculate the highest common divisor of 684 and l.
9
Suppose 1860 = 12*k + 16*k + 3*k. Calculate the greatest common divisor of 190 and k.
10
Suppose -4*r = -9*o + 12*o - 169, -55 = -r - 5*o. What is the highest common divisor of r and 216?
8
Suppose 97*o = 163*o - 93*o + 565110. What is the greatest common divisor of 161 and o?
161
Let h(k) = -1603*k + 899. Let u be h(-6). Calculate the highest common divisor of 13 and u.
13
Let y = -265 - -257. Let a be y - -7 - 4 - -8. Calculate the greatest common factor of 5 and a.
1
Let t = 130 + -61. Let m = t - 1. Suppose -c + m = 4*s, -4*s + 58 = 2*c - 6. Calculate the greatest common factor of s and 2.
2
Let v be (192/(-15))/(-4)*-5. Let m be ((-1)/(0 - 1))/(8/v). Let u be (-7)/m + -2 + (-1370)/(-20). What is the highest common divisor of u and 10?
10
Let q be (-8)/((-4)/(-312)*-3). Let z be q/39*54/8. Let t = z - 21. What is the highest common factor of 1 and t?
1
Let t(o) = 5*o**3 - 3*o**2 + 5*o - 2. Let f(m) = -3*m**2 + 73*m - 23. Let y be f(24). Let u be t(y). What is the greatest common divisor of 3 and u?
1
Suppose -22*b + 4021 = -21433. Calculate the greatest common divisor of 117 and b.
13
Let k(g) = g**2 - 20*g + 2. Let a be k(20). Suppose 3*r - 40 = -2*n - 3*n, 0 = -a*r - 5*n + 30. What is the highest common divisor of r and 80?
10
Suppose 330 - 234 = 3*l. What is the highest common divisor of l and 1008?
16
Let p be 1/((3 - (-1475)/(-490))*-2). Let d be 7/p + 460/14 + -3. Calculate the highest common divisor of 48 and d.
6
Suppose 5*z - 111 = v, 0 = -z - 4*v + v + 19. Suppose 37*j = z*j + 750. Calculate the highest common divisor of j and 10.
10
Let p be 8/6*(-1 + -8)/(-3). Suppose 247 = 4*w - 325. Suppose u = -u - 5*q + 59, 5*q - w = -p*u. What is the highest common divisor of 6 and u?
6
Suppose 0 = -125*w - 612932 + 2201932. What is the greatest common divisor of 28 and w?
28
Let c be 6 - (25790/(-4) - 1/16*-8). What is the highest common factor of 108 and c?
27
Suppose -2*l + 13152 = 17*b - 13*b, 0 = -5*b + l + 16426. Calculate the highest common factor of b and 248.
62
Let n(t) = 16*t. Let w be n(0). Suppose 11*q - 2143 - 827 = w. Calculate the highest common factor of 90 and q.
90
Let j(b) = -b**2 - 11*b + 1. Let a be j(-11). Suppose z - 4*g - 5 = -g, z = -g + a. Calculate the greatest common factor of 5 and z.
1
Let r(v) = 2*v**3 - 3*v**2 - 13*v + 14. Suppose -29*f + 9*f = -100. Let n be r(f). What is the highest common factor of 4 and n?
4
Let p be -1 + 9/6 - (-2220)/24. Let g = p - 21. What is the highest common factor of g and 24?
24
Let j = 28 + -17. Let s(i) = 3*i**2 + 9*i - 21. Let q = -73 + 78. Let o be s(q). What is the highest common factor of j and o?
11
Let s be ((-3)/(7 - 10) - 319)/(-3 - -1). Calculate the highest common factor of 24 and s.
3
Suppose 182 = 3*d + 32. Suppose -b - 2*f = 28, -79*b + 82*b + 5*f = -88. Let g = d + b. What is the greatest common divisor of g and 35?
7
Let h(n) be the second derivative of -n**3 - 67*n**2/2 - 7*n. Let i be h(-35). What is the greatest common factor of i and 11?
11
Suppose -2*i + 4*a + 5774 = 0, 5*i = 11*i - 4*a - 17298. What is the highest common factor of i and 804?
67
Let a = -446 - -806. Suppose a = 193*t - 187*t. Let s(d) = 4*d**2 + 1. Let g be s(-1). What is the highest common factor of g and